tors of 3140.
2, 5, 157
List the prime factors of 5941.
13, 457
What are the prime factors of 953?
953
What are the prime factors of 66205?
5, 13241
List the prime factors of 1117.
1117
List the prime factors of 2814.
2, 3, 7, 67
List the prime factors of 51793.
7, 151
What are the prime factors of 49092?
2, 3, 4091
List the prime factors of 1047.
3, 349
List the prime factors of 1270.
2, 5, 127
List the prime factors of 4756.
2, 29, 41
List the prime factors of 1098.
2, 3, 61
What are the prime factors of 1238?
2, 619
What are the prime factors of 6153?
3, 7, 293
List the prime factors of 2262.
2, 3, 13, 29
List the prime factors of 3437.
7, 491
What are the prime factors of 8094?
2, 3, 19, 71
What are the prime factors of 15246?
2, 3, 7, 11
List the prime factors of 20526.
2, 3, 11, 311
List the prime factors of 53497.
61, 877
What are the prime factors of 9235?
5, 1847
What are the prime factors of 6732?
2, 3, 11, 17
What are the prime factors of 496?
2, 31
List the prime factors of 4351.
19, 229
What are the prime factors of 784?
2, 7
List the prime factors of 36827.
7, 5261
What are the prime factors of 1491?
3, 7, 71
What are the prime factors of 1414?
2, 7, 101
List the prime factors of 493.
17, 29
List the prime factors of 8458.
2, 4229
What are the prime factors of 3982?
2, 11, 181
What are the prime factors of 50985?
3, 5, 11, 103
List the prime factors of 11079.
3, 1231
List the prime factors of 15427.
15427
What are the prime factors of 119328?
2, 3, 11, 113
What are the prime factors of 2117?
29, 73
List the prime factors of 53647.
11, 4877
List the prime factors of 8424.
2, 3, 13
List the prime factors of 1978.
2, 23, 43
What are the prime factors of 464?
2, 29
List the prime factors of 16040.
2, 5, 401
What are the prime factors of 459?
3, 17
What are the prime factors of 123?
3, 41
List the prime factors of 64.
2
List the prime factors of 9073.
43, 211
List the prime factors of 4230.
2, 3, 5, 47
List the prime factors of 1698.
2, 3, 283
What are the prime factors of 2639?
7, 13, 29
List the prime factors of 3573.
3, 397
List the prime factors of 1151.
1151
List the prime factors of 11388.
2, 3, 13, 73
List the prime factors of 16685.
5, 47, 71
List the prime factors of 2843.
2843
List the prime factors of 1376.
2, 43
What are the prime factors of 24539?
53, 463
What are the prime factors of 2142?
2, 3, 7, 17
What are the prime factors of 15569?
15569
What are the prime factors of 6082?
2, 3041
List the prime factors of 62224.
2, 3889
What are the prime factors of 7369?
7369
List the prime factors of 103.
103
List the prime factors of 54525.
3, 5, 727
What are the prime factors of 80134?
2, 103, 389
What are the prime factors of 2185?
5, 19, 23
What are the prime factors of 8490?
2, 3, 5, 283
What are the prime factors of 52590?
2, 3, 5, 1753
List the prime factors of 663.
3, 13, 17
What are the prime factors of 4935?
3, 5, 7, 47
What are the prime factors of 44404?
2, 17, 653
List the prime factors of 3849.
3, 1283
What are the prime factors of 3014?
2, 11, 137
What are the prime factors of 1137?
3, 379
What are the prime factors of 45647?
7, 6521
List the prime factors of 10764.
2, 3, 13, 23
What are the prime factors of 178?
2, 89
What are the prime factors of 10656?
2, 3, 37
List the prime factors of 5712.
2, 3, 7, 17
List the prime factors of 5153.
5153
List the prime factors of 86076.
2, 3, 797
List the prime factors of 14122.
2, 23, 307
List the prime factors of 6358.
2, 11, 17
What are the prime factors of 31488?
2, 3, 41
What are the prime factors of 9061?
13, 17, 41
List the prime factors of 4777.
17, 281
What are the prime factors of 6269?
6269
What are the prime factors of 128155?
5, 19, 71
What are the prime factors of 1016?
2, 127
List the prime factors of 4919.
4919
What are the prime factors of 6230?
2, 5, 7, 89
List the prime factors of 3647.
7, 521
List the prime factors of 756.
2, 3, 7
What are the prime factors of 5422?
2, 2711
What are the prime factors of 53057?
17, 3121
What are the prime factors of 3366?
2, 3, 11, 17
List the prime factors of 2736.
2, 3, 19
What are the prime factors of 1619?
1619
List the prime factors of 14481.
3, 1609
What are the prime factors of 52164?
2, 3, 7, 23
What are the prime factors of 3476?
2, 11, 79
What are the prime factors of 36523?
36523
List the prime factors of 2916.
2, 3
What are the prime factors of 28135?
5, 17, 331
What are the prime factors of 2341?
2341
List the prime factors of 11009.
101, 109
List the prime factors of 29960.
2, 5, 7, 107
What are the prime factors of 2698?
2, 19, 71
What are the prime factors of 38436?
2, 3, 3203
List the prime factors of 4523.
4523
What are the prime factors of 6694?
2, 3347
What are the prime factors of 23119?
61, 379
List the prime factors of 57612.
2, 3, 4801
List the prime factors of 21865.
5, 4373
List the prime factors of 426.
2, 3, 71
List the prime factors of 4124.
2, 1031
What are the prime factors of 15634?
2, 7817
What are the prime factors of 133?
7, 19
What are the prime factors of 2659?
2659
List the prime factors of 34809.
3, 41, 283
What are the prime factors of 883?
883
List the prime factors of 3661.
7, 523
List the prime factors of 4420.
2, 5, 13, 17
List the prime factors of 95076.
2, 3, 19, 139
What are the prime factors of 10867?
10867
List the prime factors of 77595.
3, 5, 7, 739
What are the prime factors of 3229?
3229
What are the prime factors of 72281?
11, 6571
What are the prime factors of 75377?
75377
List the prime factors of 2000.
2, 5
List the prime factors of 17472.
2, 3, 7, 13
List the prime factors of 4154.
2, 31, 67
List the prime factors of 108267.
3, 151, 239
List the prime factors of 2553.
3, 23, 37
What are the prime factors of 691?
691
What are the prime factors of 68643?
3, 29, 263
List the prime factors of 4718.
2, 7, 337
What are the prime factors of 1778?
2, 7, 127
What are the prime factors of 1761?
3, 587
What are the prime factors of 1314?
2, 3, 73
What are the prime factors of 40530?
2, 3, 5, 7, 193
What are the prime factors of 1579?
1579
List the prime factors of 106026.
2, 3, 41, 431
List the prime factors of 18080.
2, 5, 113
List the prime factors of 1475.
5, 59
What are the prime factors of 20208?
2, 3, 421
List the prime factors of 120246.
2, 3, 7, 409
What are the prime factors of 3242?
2, 1621
List the prime factors of 8603.
7, 1229
What are the prime factors of 9271?
73, 127
List the prime factors of 2298.
2, 3, 383
What are the prime factors of 2194?
2, 1097
List the prime factors of 297.
3, 11
What are the prime factors of 99020?
2, 5, 4951
List the prime factors of 28143.
3, 53, 59
List the prime factors of 100963.
17, 5939
List the prime factors of 7211.
7211
List the prime factors of 849.
3, 283
List the prime factors of 142.
2, 71
List the prime factors of 9942.
2, 3, 1657
What are the prime factors of 3154?
2, 19, 83
What are the prime factors of 73164?
2, 3, 7, 13, 67
What are the prime factors of 3588?
2, 3, 13, 23
List the prime factors of 945.
3, 5, 7
List the prime factors of 972.
2, 3
List the prime factors of 407.
11, 37
List the prime factors of 1579.
1579
List the prime factors of 16691.
16691
List the prime factors of 1823.
1823
List the prime factors of 53260.
2, 5, 2663
List the prime factors of 3818.
2, 23, 83
What are the prime factors of 546?
2, 3, 7, 13
List the prime factors of 1459.
1459
What are the prime factors of 11631?
3, 3877
What are the prime factors of 7344?
2, 3, 17
List the prime factors of 4916.
2, 1229
What are the prime factors of 184887?
3, 20543
What are the prime factors of 944?
2, 59
List the prime factors of 29054.
2, 73, 199
What are the prime factors of 9814?
2, 7, 701
List the prime factors of 1296.
2, 3
What are the prime factors of 16904?
2, 2113
List the prime factors of 746.
2, 373
List the prime factors of 264.
2, 3, 11
List the prime factors of 23.
23
List the prime factors of 35899.
35899
What are the prime factors of 3238?
2, 1619
What are the prime factors of 44324?
2, 7, 1583
What are the prime factors of 115016?
2, 11, 1307
What are the prime factors of 1670?
2, 5, 167
List the prime factors of 32938.
2, 43, 383
List the prime factors of 2426.
2, 1213
List the prime factors of 943.
23, 41
What are the prime